{"id":559,"date":"2023-10-03T18:44:00","date_gmt":"2023-10-03T21:44:00","guid":{"rendered":"https:\/\/www.axisinstituto.com.br\/roma\/?page_id=559"},"modified":"2024-09-25T12:49:00","modified_gmt":"2024-09-25T15:49:00","slug":"selo","status":"publish","type":"page","link":"https:\/\/www.axisinstituto.com.br\/roma\/selo\/","title":{"rendered":"SELO"},"content":{"rendered":"<div class=\"wp-block-image\">\n<figure class=\"aligncenter size-large is-resized\"><img fetchpriority=\"high\" decoding=\"async\" width=\"1024\" height=\"730\" src=\"https:\/\/www.axisinstituto.com.br\/roma\/wp-content\/uploads\/sites\/5\/2024\/09\/AXIS_Selo_Roma_port_30.09-1024x730.png\" alt=\"\" class=\"wp-image-793\" style=\"aspect-ratio:1.2975871313672922;width:466px;height:auto\" srcset=\"https:\/\/www.axisinstituto.com.br\/roma\/wp-content\/uploads\/sites\/5\/2024\/09\/AXIS_Selo_Roma_port_30.09-1024x730.png 1024w, https:\/\/www.axisinstituto.com.br\/roma\/wp-content\/uploads\/sites\/5\/2024\/09\/AXIS_Selo_Roma_port_30.09-300x214.png 300w, https:\/\/www.axisinstituto.com.br\/roma\/wp-content\/uploads\/sites\/5\/2024\/09\/AXIS_Selo_Roma_port_30.09-768x547.png 768w, https:\/\/www.axisinstituto.com.br\/roma\/wp-content\/uploads\/sites\/5\/2024\/09\/AXIS_Selo_Roma_port_30.09-1536x1095.png 1536w, https:\/\/www.axisinstituto.com.br\/roma\/wp-content\/uploads\/sites\/5\/2024\/09\/AXIS_Selo_Roma_port_30.09-2048x1459.png 2048w\" sizes=\"(max-width: 1024px) 100vw, 1024px\" \/><\/figure><\/div>\n\n\n<h2 class=\"wp-block-heading\">Indico!<\/h2>\n\n\n\n<p>Prezado\/a ex-participante dos Cursos Axis,<\/p>\n\n\n\n<p>Para nosso Semin\u00e1rio em Roma, nos dias <strong>22, 23 e 24 de outubro\/2024<\/strong>, na UISG, abordando os temas <strong>\u2018\u2018Governan\u00e7a e Gest\u00e3o\u2019\u2019,<\/strong> pensamos em buscar valorizar quem j\u00e1 fez alguma forma\u00e7\u00e3o conosco, nos \u00faltimos cinco anos: assim estamos enviando a voc\u00ea um \u2018\u2019selo\u2019\u2019 com um b\u00f4nus no valor de 50 euros; a ideia \u00e9 que voc\u00ea, que fez um curso conosco, e se o considerou \u2018\u2018v\u00e1lido\u2019\u2019, possa conceder esse desconto do selo a algum\/a religioso\/a ou membro do clero, seu amigo\/a, ou utilizar esse mesmo selo para si pr\u00f3prio, caso queira participar desse semin\u00e1rio em Roma (nesse caso voc\u00ea poderia nos solicitar mais um selo para o seu amigo\/a).<\/p>\n\n\n\n<p>A ideia \u00e9: <strong>\u2018\u2019fiz um curso com o Axis, gostei, e recomendo este em Roma, para o qual lhe concedo esse desconto\u2019<\/strong>\u2019.<\/p>\n\n\n\n<p>Este selo est\u00e1 sendo enviado, pelo Axis, apenas para quem fez uma forma\u00e7\u00e3o conosco nos \u00faltimos cinco anos.<\/p>\n\n\n\n<p>N\u00f3s lhe agradecemos muito pelo apoio e confian\u00e7a, ao tamb\u00e9m indicar para um\/a amigo\/a.<\/p>\n\n\n\n<p><strong>AXIS DIRETORIA<\/strong><\/p>\n\n\n\n<hr class=\"wp-block-separator has-alpha-channel-opacity\"\/>\n\n\n<div class=\"wp-block-image\">\n<figure class=\"aligncenter size-full is-resized\"><img decoding=\"async\" width=\"989\" height=\"978\" src=\"https:\/\/www.axisinstituto.com.br\/roma\/wp-content\/uploads\/sites\/5\/2023\/10\/Selo-out.png\" alt=\"\" class=\"wp-image-567\" style=\"width:346px;height:341px\" srcset=\"https:\/\/www.axisinstituto.com.br\/roma\/wp-content\/uploads\/sites\/5\/2023\/10\/Selo-out.png 989w, https:\/\/www.axisinstituto.com.br\/roma\/wp-content\/uploads\/sites\/5\/2023\/10\/Selo-out-300x297.png 300w, https:\/\/www.axisinstituto.com.br\/roma\/wp-content\/uploads\/sites\/5\/2023\/10\/Selo-out-768x759.png 768w\" sizes=\"(max-width: 989px) 100vw, 989px\" \/><\/figure><\/div>\n\n\n<hr class=\"wp-block-separator has-alpha-channel-opacity\"\/>\n\n\n\n<div class=\"wp-block-buttons has-custom-font-size has-medium-font-size is-content-justification-center is-layout-flex wp-container-core-buttons-is-layout-1 wp-block-buttons-is-layout-flex\">\n<div class=\"wp-block-button has-custom-width wp-block-button__width-50 is-style-fill\"><a class=\"wp-block-button__link has-black-color has-luminous-vivid-amber-background-color has-text-color has-background wp-element-button\" href=\"https:\/\/plataforma.axisinstituto.com.br\/produto\/seminario-roma-outubro-2024\/\" style=\"border-radius:27px\" target=\"_blank\" rel=\"noreferrer noopener\"><strong>Quero me inscrever!<\/strong><\/a><\/div>\n<\/div>\n","protected":false},"excerpt":{"rendered":"<p>Indico! Prezado\/a ex-participante dos Cursos Axis, Para nosso Semin\u00e1rio em Roma, nos dias 22, 23 e 24 de outubro\/2024, na UISG, abordando os temas \u2018\u2018Governan\u00e7a e Gest\u00e3o\u2019\u2019, pensamos em buscar valorizar quem j\u00e1 fez alguma forma\u00e7\u00e3o conosco, nos \u00faltimos cinco anos: assim estamos enviando a voc\u00ea um \u2018\u2019selo\u2019\u2019 com um b\u00f4nus no valor de 50 [&hellip;]<\/p>\n","protected":false},"author":5,"featured_media":0,"parent":0,"menu_order":0,"comment_status":"closed","ping_status":"closed","template":"paginas.php","meta":{"content-type":"","footnotes":""},"class_list":["post-559","page","type-page","status-publish","hentry"],"yoast_head":"<!-- This site is optimized with the Yoast SEO plugin v23.4 - https:\/\/yoast.com\/wordpress\/plugins\/seo\/ -->\n<title>SELO - SEMIN\u00c1RIO AXIS EM ROMA (2024) Governan\u00e7a e Gest\u00e3o<\/title>\n<meta name=\"robots\" content=\"index, follow, max-snippet:-1, max-image-preview:large, max-video-preview:-1\" \/>\n<link rel=\"canonical\" href=\"https:\/\/www.axisinstituto.com.br\/roma\/selo\/\" \/>\n<meta property=\"og:locale\" content=\"pt_BR\" \/>\n<meta property=\"og:type\" content=\"article\" \/>\n<meta property=\"og:title\" content=\"SELO - SEMIN\u00c1RIO AXIS EM ROMA (2024) Governan\u00e7a e Gest\u00e3o\" \/>\n<meta property=\"og:description\" content=\"Indico! Prezado\/a ex-participante dos Cursos Axis, Para nosso Semin\u00e1rio em Roma, nos dias 22, 23 e 24 de outubro\/2024, na UISG, abordando os temas \u2018\u2018Governan\u00e7a e Gest\u00e3o\u2019\u2019, pensamos em buscar valorizar quem j\u00e1 fez alguma forma\u00e7\u00e3o conosco, nos \u00faltimos cinco anos: assim estamos enviando a voc\u00ea um \u2018\u2019selo\u2019\u2019 com um b\u00f4nus no valor de 50 [&hellip;]\" \/>\n<meta property=\"og:url\" content=\"https:\/\/www.axisinstituto.com.br\/roma\/selo\/\" \/>\n<meta property=\"og:site_name\" content=\"SEMIN\u00c1RIO AXIS EM ROMA (2024) Governan\u00e7a e Gest\u00e3o\" \/>\n<meta property=\"article:modified_time\" content=\"2024-09-25T15:49:00+00:00\" \/>\n<meta property=\"og:image\" content=\"https:\/\/www.axisinstituto.com.br\/roma\/wp-content\/uploads\/sites\/5\/2024\/09\/AXIS_Selo_Roma_port_30.09-1024x730.png\" \/>\n<meta name=\"twitter:card\" content=\"summary_large_image\" \/>\n<meta name=\"twitter:label1\" content=\"Est. tempo de leitura\" \/>\n\t<meta name=\"twitter:data1\" content=\"2 minutos\" \/>\n<script type=\"application\/ld+json\" class=\"yoast-schema-graph\">{\"@context\":\"https:\/\/schema.org\",\"@graph\":[{\"@type\":\"WebPage\",\"@id\":\"https:\/\/www.axisinstituto.com.br\/roma\/selo\/\",\"url\":\"https:\/\/www.axisinstituto.com.br\/roma\/selo\/\",\"name\":\"SELO - SEMIN\u00c1RIO AXIS EM ROMA (2024) Governan\u00e7a e Gest\u00e3o\",\"isPartOf\":{\"@id\":\"https:\/\/www.axisinstituto.com.br\/roma\/#website\"},\"primaryImageOfPage\":{\"@id\":\"https:\/\/www.axisinstituto.com.br\/roma\/selo\/#primaryimage\"},\"image\":{\"@id\":\"https:\/\/www.axisinstituto.com.br\/roma\/selo\/#primaryimage\"},\"thumbnailUrl\":\"https:\/\/www.axisinstituto.com.br\/roma\/wp-content\/uploads\/sites\/5\/2024\/09\/AXIS_Selo_Roma_port_30.09-1024x730.png\",\"datePublished\":\"2023-10-03T21:44:00+00:00\",\"dateModified\":\"2024-09-25T15:49:00+00:00\",\"breadcrumb\":{\"@id\":\"https:\/\/www.axisinstituto.com.br\/roma\/selo\/#breadcrumb\"},\"inLanguage\":\"pt-BR\",\"potentialAction\":[{\"@type\":\"ReadAction\",\"target\":[\"https:\/\/www.axisinstituto.com.br\/roma\/selo\/\"]}]},{\"@type\":\"ImageObject\",\"inLanguage\":\"pt-BR\",\"@id\":\"https:\/\/www.axisinstituto.com.br\/roma\/selo\/#primaryimage\",\"url\":\"https:\/\/www.axisinstituto.com.br\/roma\/wp-content\/uploads\/sites\/5\/2024\/09\/AXIS_Selo_Roma_port_30.09.png\",\"contentUrl\":\"https:\/\/www.axisinstituto.com.br\/roma\/wp-content\/uploads\/sites\/5\/2024\/09\/AXIS_Selo_Roma_port_30.09.png\",\"width\":2234,\"height\":1592},{\"@type\":\"BreadcrumbList\",\"@id\":\"https:\/\/www.axisinstituto.com.br\/roma\/selo\/#breadcrumb\",\"itemListElement\":[{\"@type\":\"ListItem\",\"position\":1,\"name\":\"In\u00edcio\",\"item\":\"https:\/\/www.axisinstituto.com.br\/roma\/\"},{\"@type\":\"ListItem\",\"position\":2,\"name\":\"SELO\"}]},{\"@type\":\"WebSite\",\"@id\":\"https:\/\/www.axisinstituto.com.br\/roma\/#website\",\"url\":\"https:\/\/www.axisinstituto.com.br\/roma\/\",\"name\":\"SEMIN\u00c1RIO AXIS EM ROMA (2024) Governan\u00e7a e Gest\u00e3o\",\"description\":\"\",\"potentialAction\":[{\"@type\":\"SearchAction\",\"target\":{\"@type\":\"EntryPoint\",\"urlTemplate\":\"https:\/\/www.axisinstituto.com.br\/roma\/?s={search_term_string}\"},\"query-input\":{\"@type\":\"PropertyValueSpecification\",\"valueRequired\":true,\"valueName\":\"search_term_string\"}}],\"inLanguage\":\"pt-BR\"}]}<\/script>\n<!-- \/ Yoast SEO plugin. -->","yoast_head_json":{"title":"SELO - SEMIN\u00c1RIO AXIS EM ROMA (2024) Governan\u00e7a e Gest\u00e3o","robots":{"index":"index","follow":"follow","max-snippet":"max-snippet:-1","max-image-preview":"max-image-preview:large","max-video-preview":"max-video-preview:-1"},"canonical":"https:\/\/www.axisinstituto.com.br\/roma\/selo\/","og_locale":"pt_BR","og_type":"article","og_title":"SELO - SEMIN\u00c1RIO AXIS EM ROMA (2024) Governan\u00e7a e Gest\u00e3o","og_description":"Indico! Prezado\/a ex-participante dos Cursos Axis, Para nosso Semin\u00e1rio em Roma, nos dias 22, 23 e 24 de outubro\/2024, na UISG, abordando os temas \u2018\u2018Governan\u00e7a e Gest\u00e3o\u2019\u2019, pensamos em buscar valorizar quem j\u00e1 fez alguma forma\u00e7\u00e3o conosco, nos \u00faltimos cinco anos: assim estamos enviando a voc\u00ea um \u2018\u2019selo\u2019\u2019 com um b\u00f4nus no valor de 50 [&hellip;]","og_url":"https:\/\/www.axisinstituto.com.br\/roma\/selo\/","og_site_name":"SEMIN\u00c1RIO AXIS EM ROMA (2024) Governan\u00e7a e Gest\u00e3o","article_modified_time":"2024-09-25T15:49:00+00:00","og_image":[{"url":"https:\/\/www.axisinstituto.com.br\/roma\/wp-content\/uploads\/sites\/5\/2024\/09\/AXIS_Selo_Roma_port_30.09-1024x730.png"}],"twitter_card":"summary_large_image","twitter_misc":{"Est. tempo de leitura":"2 minutos"},"schema":{"@context":"https:\/\/schema.org","@graph":[{"@type":"WebPage","@id":"https:\/\/www.axisinstituto.com.br\/roma\/selo\/","url":"https:\/\/www.axisinstituto.com.br\/roma\/selo\/","name":"SELO - SEMIN\u00c1RIO AXIS EM ROMA (2024) Governan\u00e7a e Gest\u00e3o","isPartOf":{"@id":"https:\/\/www.axisinstituto.com.br\/roma\/#website"},"primaryImageOfPage":{"@id":"https:\/\/www.axisinstituto.com.br\/roma\/selo\/#primaryimage"},"image":{"@id":"https:\/\/www.axisinstituto.com.br\/roma\/selo\/#primaryimage"},"thumbnailUrl":"https:\/\/www.axisinstituto.com.br\/roma\/wp-content\/uploads\/sites\/5\/2024\/09\/AXIS_Selo_Roma_port_30.09-1024x730.png","datePublished":"2023-10-03T21:44:00+00:00","dateModified":"2024-09-25T15:49:00+00:00","breadcrumb":{"@id":"https:\/\/www.axisinstituto.com.br\/roma\/selo\/#breadcrumb"},"inLanguage":"pt-BR","potentialAction":[{"@type":"ReadAction","target":["https:\/\/www.axisinstituto.com.br\/roma\/selo\/"]}]},{"@type":"ImageObject","inLanguage":"pt-BR","@id":"https:\/\/www.axisinstituto.com.br\/roma\/selo\/#primaryimage","url":"https:\/\/www.axisinstituto.com.br\/roma\/wp-content\/uploads\/sites\/5\/2024\/09\/AXIS_Selo_Roma_port_30.09.png","contentUrl":"https:\/\/www.axisinstituto.com.br\/roma\/wp-content\/uploads\/sites\/5\/2024\/09\/AXIS_Selo_Roma_port_30.09.png","width":2234,"height":1592},{"@type":"BreadcrumbList","@id":"https:\/\/www.axisinstituto.com.br\/roma\/selo\/#breadcrumb","itemListElement":[{"@type":"ListItem","position":1,"name":"In\u00edcio","item":"https:\/\/www.axisinstituto.com.br\/roma\/"},{"@type":"ListItem","position":2,"name":"SELO"}]},{"@type":"WebSite","@id":"https:\/\/www.axisinstituto.com.br\/roma\/#website","url":"https:\/\/www.axisinstituto.com.br\/roma\/","name":"SEMIN\u00c1RIO AXIS EM ROMA (2024) Governan\u00e7a e Gest\u00e3o","description":"","potentialAction":[{"@type":"SearchAction","target":{"@type":"EntryPoint","urlTemplate":"https:\/\/www.axisinstituto.com.br\/roma\/?s={search_term_string}"},"query-input":{"@type":"PropertyValueSpecification","valueRequired":true,"valueName":"search_term_string"}}],"inLanguage":"pt-BR"}]}},"acf":[],"_links":{"self":[{"href":"https:\/\/www.axisinstituto.com.br\/roma\/wp-json\/wp\/v2\/pages\/559"}],"collection":[{"href":"https:\/\/www.axisinstituto.com.br\/roma\/wp-json\/wp\/v2\/pages"}],"about":[{"href":"https:\/\/www.axisinstituto.com.br\/roma\/wp-json\/wp\/v2\/types\/page"}],"author":[{"embeddable":true,"href":"https:\/\/www.axisinstituto.com.br\/roma\/wp-json\/wp\/v2\/users\/5"}],"replies":[{"embeddable":true,"href":"https:\/\/www.axisinstituto.com.br\/roma\/wp-json\/wp\/v2\/comments?post=559"}],"version-history":[{"count":12,"href":"https:\/\/www.axisinstituto.com.br\/roma\/wp-json\/wp\/v2\/pages\/559\/revisions"}],"predecessor-version":[{"id":799,"href":"https:\/\/www.axisinstituto.com.br\/roma\/wp-json\/wp\/v2\/pages\/559\/revisions\/799"}],"wp:attachment":[{"href":"https:\/\/www.axisinstituto.com.br\/roma\/wp-json\/wp\/v2\/media?parent=559"}],"curies":[{"name":"wp","href":"https:\/\/api.w.org\/{rel}","templated":true}]}}